{"id":14,"date":"2011-02-19T20:21:14","date_gmt":"2011-02-19T19:21:14","guid":{"rendered":"http:\/\/mahl-vegetarisch.de\/?page_id=14"},"modified":"2011-04-27T10:00:15","modified_gmt":"2011-04-27T08:00:15","slug":"die-initiative","status":"publish","type":"page","link":"https:\/\/mahl-vegetarisch.de\/?page_id=14","title":{"rendered":"Die Initiative"},"content":{"rendered":"<p><strong>Die Initiative \u201eMa<em>h<\/em>l vegetarisch\u201c &#8211; ein Veggietag f\u00fcr Freiburg<\/strong><\/p>\n<p><strong><a href=\"http:\/\/mahl-vegetarisch.de\/wp-content\/uploads\/2011\/02\/Champignons.jpg\"><img class=\"alignright size-medium wp-image-262\" title=\"Champignons\" src=\"http:\/\/mahl-vegetarisch.de\/wp-content\/uploads\/2011\/02\/Champignons-300x225.jpg\" alt=\"\" width=\"190\" srcset=\"https:\/\/mahl-vegetarisch.de\/wp-content\/uploads\/2011\/02\/Champignons-300x225.jpg 300w, https:\/\/mahl-vegetarisch.de\/wp-content\/uploads\/2011\/02\/Champignons.jpg 800w\" sizes=\"(max-width: 300px) 100vw, 300px\" \/><\/a>Gent <\/strong>hat es vorgemacht, Sao Paolo, Bremen, Schweinfurt und Wiesbaden sind erfolgreich nachgezogen: diese St\u00e4dte haben einen \u201eVeggietag\u201c eingef\u00fchrt, einen Tag pro Woche, an dem vermehrt vegetarische Gerichte von Restaurants, Kantinen und Mensen angeboten werden. <em>Bundesweite Veggietag-Intitiative: <a href=\"http:\/\/www.donnerstag-veggietag.de\" target=\"_blank\">www.donnerstag-veggietag.de<\/a><\/em><\/p>\n<p><strong>\u201eMa<em>h<\/em>l vegetarisch\u201c<\/strong> hei\u00dft die Initiative in Freiburg, die aus einem Runden Tisch mit Vertretern der Stadt Freiburg, des BUND Freiburg, des fesa e.V., der Gr\u00fcnen, des Vebu, Greenpeace Freiburg, und der Freiburger B\u00fcrgerstiftung entstanden ist.<\/p>\n<p><strong><a href=\"http:\/\/mahl-vegetarisch.de\/wp-content\/uploads\/2011\/02\/Pfannengemse-300.jpg\"><img class=\"alignright size-full wp-image-178\" title=\"Pfannengemuese\" src=\"http:\/\/mahl-vegetarisch.de\/wp-content\/uploads\/2011\/02\/Pfannengemse-300.jpg\" alt=\"\" width=\"190\" \/><\/a><\/strong><strong>Ziel<\/strong> ist es, m\u00f6glichst viele Restaurants, Mensen und Kantinen daf\u00fcr zu gewinnen, einmal in der Woche das Angebot vegetarischer Gerichte zu erh\u00f6hen, zu verbessern und speziell zu bewerben. Dabei sollen auch Hintergrundinfos \u00fcber die globalen Auswirkungen unserer Ern\u00e4hrung bereit gestellt werden.<\/p>\n<p><strong>Bunte Aktionen<\/strong> sollen f\u00fcr die Initiative werben und Lust darauf machen, neue Gaumenfreuden zu entdecken. Interessierte Gruppen und Einzelpersonen sind herzlich dazu eingeladen, sich an Aktionen zu beteiligen. Kontakt: info(\u00e4t)mahl-vegetarisch.de<\/p>\n<p style=\"text-align: right;\">.<\/p>\n<p><a href=\"http:\/\/mahl-vegetarisch.de\/wp-content\/uploads\/2011\/02\/Veggie-Bouillabaisse1.jpg\"><img loading=\"lazy\" class=\"alignleft size-full wp-image-630\" title=\"Veggie-Bouillabaisse1\" src=\"http:\/\/mahl-vegetarisch.de\/wp-content\/uploads\/2011\/02\/Veggie-Bouillabaisse1.jpg\" alt=\"\" width=\"542\" height=\"143\" srcset=\"https:\/\/mahl-vegetarisch.de\/wp-content\/uploads\/2011\/02\/Veggie-Bouillabaisse1.jpg 542w, https:\/\/mahl-vegetarisch.de\/wp-content\/uploads\/2011\/02\/Veggie-Bouillabaisse1-300x79.jpg 300w\" sizes=\"(max-width: 542px) 100vw, 542px\" \/><\/a><br \/>\n<em> <\/em><\/p>\n<p>&nbsp;<\/p>\n<p>&nbsp;<\/p>\n<p><em><br \/>\nBild 3: aus \u201c<a href=\"http:\/\/www.donnerstag-veggietag.de\/aktionsmaterial\/fuer-grosskuechen.html\" target=\"_blank\">Vegetarisch f\u00fcr Profis<\/a>\u201d des Vebu<\/em><\/p>\n","protected":false},"excerpt":{"rendered":"<p>Die Initiative \u201eMahl vegetarisch\u201c &#8211; ein Veggietag f\u00fcr Freiburg Gent hat es vorgemacht, Sao Paolo, Bremen, Schweinfurt und Wiesbaden sind erfolgreich nachgezogen: diese St\u00e4dte haben einen \u201eVeggietag\u201c eingef\u00fchrt, einen Tag pro Woche, an dem vermehrt vegetarische Gerichte von Restaurants, Kantinen &hellip; <a href=\"https:\/\/mahl-vegetarisch.de\/?page_id=14\">Continue reading <span class=\"meta-nav\">&rarr;<\/span><\/a><\/p>\n","protected":false},"author":1,"featured_media":0,"parent":0,"menu_order":0,"comment_status":"closed","ping_status":"open","template":"","meta":[],"_links":{"self":[{"href":"https:\/\/mahl-vegetarisch.de\/index.php?rest_route=\/wp\/v2\/pages\/14"}],"collection":[{"href":"https:\/\/mahl-vegetarisch.de\/index.php?rest_route=\/wp\/v2\/pages"}],"about":[{"href":"https:\/\/mahl-vegetarisch.de\/index.php?rest_route=\/wp\/v2\/types\/page"}],"author":[{"embeddable":true,"href":"https:\/\/mahl-vegetarisch.de\/index.php?rest_route=\/wp\/v2\/users\/1"}],"replies":[{"embeddable":true,"href":"https:\/\/mahl-vegetarisch.de\/index.php?rest_route=%2Fwp%2Fv2%2Fcomments&post=14"}],"version-history":[{"count":37,"href":"https:\/\/mahl-vegetarisch.de\/index.php?rest_route=\/wp\/v2\/pages\/14\/revisions"}],"predecessor-version":[{"id":103,"href":"https:\/\/mahl-vegetarisch.de\/index.php?rest_route=\/wp\/v2\/pages\/14\/revisions\/103"}],"wp:attachment":[{"href":"https:\/\/mahl-vegetarisch.de\/index.php?rest_route=%2Fwp%2Fv2%2Fmedia&parent=14"}],"curies":[{"name":"wp","href":"https:\/\/api.w.org\/{rel}","templated":true}]}}